{"id":54,"date":"2019-08-16T17:47:38","date_gmt":"2019-08-16T15:47:38","guid":{"rendered":"http:\/\/communionpourtous.fr\/?page_id=54"},"modified":"2019-11-17T15:04:19","modified_gmt":"2019-11-17T14:04:19","slug":"la-preuve-par-zachee-luc-192-10","status":"publish","type":"page","link":"https:\/\/communionpourtous.fr\/index.php\/la-preuve-par-zachee-luc-192-10\/","title":{"rendered":"La preuve par la rencontre avec Zach\u00e9e"},"content":{"rendered":"\n<div class=\"wp-block-image\"><figure class=\"aligncenter\"><img loading=\"lazy\" decoding=\"async\" width=\"295\" height=\"300\" src=\"http:\/\/communionpourtous.fr\/wp-content\/uploads\/2019\/11\/J\u00e9sus-rencontre-Zach\u00e9e-1-295x300.jpg\" alt=\"\" class=\"wp-image-227\" srcset=\"https:\/\/communionpourtous.fr\/wp-content\/uploads\/2019\/11\/J\u00e9sus-rencontre-Zach\u00e9e-1-295x300.jpg 295w, https:\/\/communionpourtous.fr\/wp-content\/uploads\/2019\/11\/J\u00e9sus-rencontre-Zach\u00e9e-1.jpg 560w\" sizes=\"(max-width: 295px) 100vw, 295px\" \/><\/figure><\/div>\n\n\n\n<p class=\"has-drop-cap\">D\u00e8s le d\u00e9but de l\u2019histoire (<a href=\"https:\/\/www.aelf.org\/bible\/Lc\/19\">Luc 19<\/a>,2-10), l\u2019Evang\u00e9liste nous rappelle que Zach\u00e9e est un grand p\u00e9cheur \u00ab&nbsp;<em>Et voici, un homme riche, appel\u00e9 Zach\u00e9e, chef des publicains<\/em>&nbsp;\u00bb. Elle nous dit aussi que Zach\u00e9e est rempli d\u2019un d\u00e9sir de voir J\u00e9sus, \u00ab&nbsp;<em>[il] cherchait \u00e0 voir J\u00e9sus<\/em>&nbsp;\u00bb. Mais rien dans l\u2019histoire ne dit qu\u2019\u00e0 ce moment l\u00e0, il soit emprunt d\u2019un d\u00e9sir de conversion, ou d\u2019un souhait de quitter sa vie de p\u00e9ch\u00e9s.&nbsp;<\/p>\n\n\n\n<p>Or, J\u00e9sus sans lui demander aucune formule de conversion ou de repentir (alors que Zach\u00e9e est un p\u00e9cheur av\u00e9r\u00e9 et notoire), va \u00e0 sa rencontre \u00ab&nbsp;<em>Zach\u00e9e, descends vite, car il me faut aujourd&rsquo;hui demeurer chez toi&nbsp;<\/em>\u00bb. Et Zach\u00e9e renonce ensuite au p\u00e9ch\u00e9 (apr\u00e8s et pas avant que le Christ l\u2019accueille), \u00ab&nbsp;<em>Voici, Seigneur, je vais donner la moiti\u00e9 de mes biens aux pauvres, et si j&rsquo;ai extorqu\u00e9 quelque chose \u00e0 quelqu&rsquo;un, je lui rends le quadruple&nbsp;<\/em>\u00bb<\/p>\n\n\n\n<p>L\u00e0 encore, la rencontre avec le Christ (l\u2019Eucharistie) provoque la conversion et l\u2019abandon du p\u00e9ch\u00e9. Mais le Christ ne pose aucun pr\u00e9alable \u00e0 cette rencontre, seule compte la volont\u00e9 de Zach\u00e9 (du p\u00e9cheur) de le rencontrer (de communier), car sans la prise en compte de cette volont\u00e9, la libert\u00e9 de l\u2019homme serait ni\u00e9e.&nbsp;<\/p>\n\n\n\n<p>Le verset de conclusion vient renforcer encore cette id\u00e9e, comme si le Christ voulait \u00eatre certain d\u2019avoir \u00e9t\u00e9 bien compris de ses disciples \u00ab&nbsp;<em>Car le Fils de l\u2019homme est venu chercher et sauver ce qui \u00e9tait perdu<\/em>&nbsp;\u00bb. Quand le Christ embrasse Zach\u00e9e, celui-ci est encore perdu, il n\u2019a renonc\u00e9 en rien \u00e0 son p\u00e9ch\u00e9, c\u2019est le contact du Christ qui le sauve. Or la Sainte Communion est le meilleur contact possible avec le Christ, \u00ab<em>source et sommet de toute vie chr\u00e9tienne<\/em>&nbsp;\u00bb.&nbsp;<\/p>\n<div class='watch-action'><div class='watch-position align-left'><div class='action-like'><a class='lbg-style3 like-54 jlk' href='javascript:void(0)' data-task='like' data-post_id='54' data-nonce='4617db9f25' rel='nofollow'><img class='wti-pixel' src='https:\/\/communionpourtous.fr\/wp-content\/plugins\/wti-like-post\/images\/pixel.gif' title='d&#039;accord ' \/><span class='lc-54 lc'>+3<\/span><\/a><\/div><div class='action-unlike'><a class='unlbg-style3 unlike-54 jlk' href='javascript:void(0)' data-task='unlike' data-post_id='54' data-nonce='4617db9f25' rel='nofollow'><img class='wti-pixel' src='https:\/\/communionpourtous.fr\/wp-content\/plugins\/wti-like-post\/images\/pixel.gif' title=' pas d&#039;accord' \/><span class='unlc-54 unlc'>0<\/span><\/a><\/div> <\/div> <div class='status-54 status align-left'><\/div><\/div><div class='wti-clear'><\/div>","protected":false},"excerpt":{"rendered":"<p>D\u00e8s le d\u00e9but de l\u2019histoire (Luc 19,2-10), l\u2019Evang\u00e9liste nous rappelle que Zach\u00e9e est un grand p\u00e9cheur \u00ab&nbsp;Et voici, un homme riche, appel\u00e9 Zach\u00e9e, chef des publicains&nbsp;\u00bb. Elle nous dit aussi que Zach\u00e9e est rempli d\u2019un d\u00e9sir de voir J\u00e9sus, \u00ab&nbsp;[il] cherchait \u00e0 voir J\u00e9sus&nbsp;\u00bb. Mais rien dans l\u2019histoire ne dit qu\u2019\u00e0 ce moment l\u00e0, il [&hellip;]<\/p>\n","protected":false},"author":1,"featured_media":0,"parent":0,"menu_order":0,"comment_status":"open","ping_status":"closed","template":"","meta":{"om_disable_all_campaigns":false,"_monsterinsights_skip_tracking":false,"_monsterinsights_sitenote_active":false,"_monsterinsights_sitenote_note":"","_monsterinsights_sitenote_category":0,"_uf_show_specific_survey":0,"_uf_disable_surveys":false,"footnotes":""},"class_list":["post-54","page","type-page","status-publish","hentry","entry"],"aioseo_notices":[],"yoast_head":"<!-- This site is optimized with the Yoast SEO plugin v23.6 - https:\/\/yoast.com\/wordpress\/plugins\/seo\/ -->\n<title>La preuve par la rencontre avec Zach\u00e9e - Communion pour tous !<\/title>\n<meta name=\"robots\" content=\"index, follow, max-snippet:-1, max-image-preview:large, max-video-preview:-1\" \/>\n<link rel=\"canonical\" href=\"http:\/\/communionpourtous.fr\/index.php\/la-preuve-par-zachee-luc-192-10\/\" \/>\n<meta property=\"og:locale\" content=\"fr_FR\" \/>\n<meta property=\"og:type\" content=\"article\" \/>\n<meta property=\"og:title\" content=\"La preuve par la rencontre avec Zach\u00e9e - Communion pour tous !\" \/>\n<meta property=\"og:description\" content=\"D\u00e8s le d\u00e9but de l\u2019histoire (Luc 19,2-10), l\u2019Evang\u00e9liste nous rappelle que Zach\u00e9e est un grand p\u00e9cheur \u00ab&nbsp;Et voici, un homme riche, appel\u00e9 Zach\u00e9e, chef des publicains&nbsp;\u00bb. Elle nous dit aussi que Zach\u00e9e est rempli d\u2019un d\u00e9sir de voir J\u00e9sus, \u00ab&nbsp;[il] cherchait \u00e0 voir J\u00e9sus&nbsp;\u00bb. Mais rien dans l\u2019histoire ne dit qu\u2019\u00e0 ce moment l\u00e0, il [&hellip;]\" \/>\n<meta property=\"og:url\" content=\"http:\/\/communionpourtous.fr\/index.php\/la-preuve-par-zachee-luc-192-10\/\" \/>\n<meta property=\"og:site_name\" content=\"Communion pour tous !\" \/>\n<meta property=\"article:modified_time\" content=\"2019-11-17T14:04:19+00:00\" \/>\n<meta name=\"twitter:card\" content=\"summary_large_image\" \/>\n<meta name=\"twitter:label1\" content=\"Dur\u00e9e de lecture estim\u00e9e\" \/>\n\t<meta name=\"twitter:data1\" content=\"2 minutes\" \/>\n<script type=\"application\/ld+json\" class=\"yoast-schema-graph\">{\"@context\":\"https:\/\/schema.org\",\"@graph\":[{\"@type\":\"WebPage\",\"@id\":\"http:\/\/communionpourtous.fr\/index.php\/la-preuve-par-zachee-luc-192-10\/\",\"url\":\"http:\/\/communionpourtous.fr\/index.php\/la-preuve-par-zachee-luc-192-10\/\",\"name\":\"La preuve par la rencontre avec Zach\u00e9e - Communion pour tous !\",\"isPartOf\":{\"@id\":\"http:\/\/communionpourtous.fr\/#website\"},\"datePublished\":\"2019-08-16T15:47:38+00:00\",\"dateModified\":\"2019-11-17T14:04:19+00:00\",\"breadcrumb\":{\"@id\":\"http:\/\/communionpourtous.fr\/index.php\/la-preuve-par-zachee-luc-192-10\/#breadcrumb\"},\"inLanguage\":\"fr-FR\",\"potentialAction\":[{\"@type\":\"ReadAction\",\"target\":[\"http:\/\/communionpourtous.fr\/index.php\/la-preuve-par-zachee-luc-192-10\/\"]}]},{\"@type\":\"BreadcrumbList\",\"@id\":\"http:\/\/communionpourtous.fr\/index.php\/la-preuve-par-zachee-luc-192-10\/#breadcrumb\",\"itemListElement\":[{\"@type\":\"ListItem\",\"position\":1,\"name\":\"Accueil\",\"item\":\"http:\/\/communionpourtous.fr\/\"},{\"@type\":\"ListItem\",\"position\":2,\"name\":\"La preuve par la rencontre avec Zach\u00e9e\"}]},{\"@type\":\"WebSite\",\"@id\":\"http:\/\/communionpourtous.fr\/#website\",\"url\":\"http:\/\/communionpourtous.fr\/\",\"name\":\"Communion pour tous\",\"description\":\"\",\"publisher\":{\"@id\":\"http:\/\/communionpourtous.fr\/#organization\"},\"potentialAction\":[{\"@type\":\"SearchAction\",\"target\":{\"@type\":\"EntryPoint\",\"urlTemplate\":\"http:\/\/communionpourtous.fr\/?s={search_term_string}\"},\"query-input\":{\"@type\":\"PropertyValueSpecification\",\"valueRequired\":true,\"valueName\":\"search_term_string\"}}],\"inLanguage\":\"fr-FR\"},{\"@type\":\"Organization\",\"@id\":\"http:\/\/communionpourtous.fr\/#organization\",\"name\":\"Communion pour tous\",\"url\":\"http:\/\/communionpourtous.fr\/\",\"logo\":{\"@type\":\"ImageObject\",\"inLanguage\":\"fr-FR\",\"@id\":\"http:\/\/communionpourtous.fr\/#\/schema\/logo\/image\/\",\"url\":\"https:\/\/communionpourtous.fr\/wp-content\/uploads\/2019\/08\/cropped-ob_6c6e67_cene-e1565977472151.jpg\",\"contentUrl\":\"https:\/\/communionpourtous.fr\/wp-content\/uploads\/2019\/08\/cropped-ob_6c6e67_cene-e1565977472151.jpg\",\"width\":190,\"height\":190,\"caption\":\"Communion pour tous\"},\"image\":{\"@id\":\"http:\/\/communionpourtous.fr\/#\/schema\/logo\/image\/\"}}]}<\/script>\n<!-- \/ Yoast SEO plugin. -->","yoast_head_json":{"title":"La preuve par la rencontre avec Zach\u00e9e - Communion pour tous !","robots":{"index":"index","follow":"follow","max-snippet":"max-snippet:-1","max-image-preview":"max-image-preview:large","max-video-preview":"max-video-preview:-1"},"canonical":"http:\/\/communionpourtous.fr\/index.php\/la-preuve-par-zachee-luc-192-10\/","og_locale":"fr_FR","og_type":"article","og_title":"La preuve par la rencontre avec Zach\u00e9e - Communion pour tous !","og_description":"D\u00e8s le d\u00e9but de l\u2019histoire (Luc 19,2-10), l\u2019Evang\u00e9liste nous rappelle que Zach\u00e9e est un grand p\u00e9cheur \u00ab&nbsp;Et voici, un homme riche, appel\u00e9 Zach\u00e9e, chef des publicains&nbsp;\u00bb. Elle nous dit aussi que Zach\u00e9e est rempli d\u2019un d\u00e9sir de voir J\u00e9sus, \u00ab&nbsp;[il] cherchait \u00e0 voir J\u00e9sus&nbsp;\u00bb. Mais rien dans l\u2019histoire ne dit qu\u2019\u00e0 ce moment l\u00e0, il [&hellip;]","og_url":"http:\/\/communionpourtous.fr\/index.php\/la-preuve-par-zachee-luc-192-10\/","og_site_name":"Communion pour tous !","article_modified_time":"2019-11-17T14:04:19+00:00","twitter_card":"summary_large_image","twitter_misc":{"Dur\u00e9e de lecture estim\u00e9e":"2 minutes"},"schema":{"@context":"https:\/\/schema.org","@graph":[{"@type":"WebPage","@id":"http:\/\/communionpourtous.fr\/index.php\/la-preuve-par-zachee-luc-192-10\/","url":"http:\/\/communionpourtous.fr\/index.php\/la-preuve-par-zachee-luc-192-10\/","name":"La preuve par la rencontre avec Zach\u00e9e - Communion pour tous !","isPartOf":{"@id":"http:\/\/communionpourtous.fr\/#website"},"datePublished":"2019-08-16T15:47:38+00:00","dateModified":"2019-11-17T14:04:19+00:00","breadcrumb":{"@id":"http:\/\/communionpourtous.fr\/index.php\/la-preuve-par-zachee-luc-192-10\/#breadcrumb"},"inLanguage":"fr-FR","potentialAction":[{"@type":"ReadAction","target":["http:\/\/communionpourtous.fr\/index.php\/la-preuve-par-zachee-luc-192-10\/"]}]},{"@type":"BreadcrumbList","@id":"http:\/\/communionpourtous.fr\/index.php\/la-preuve-par-zachee-luc-192-10\/#breadcrumb","itemListElement":[{"@type":"ListItem","position":1,"name":"Accueil","item":"http:\/\/communionpourtous.fr\/"},{"@type":"ListItem","position":2,"name":"La preuve par la rencontre avec Zach\u00e9e"}]},{"@type":"WebSite","@id":"http:\/\/communionpourtous.fr\/#website","url":"http:\/\/communionpourtous.fr\/","name":"Communion pour tous","description":"","publisher":{"@id":"http:\/\/communionpourtous.fr\/#organization"},"potentialAction":[{"@type":"SearchAction","target":{"@type":"EntryPoint","urlTemplate":"http:\/\/communionpourtous.fr\/?s={search_term_string}"},"query-input":{"@type":"PropertyValueSpecification","valueRequired":true,"valueName":"search_term_string"}}],"inLanguage":"fr-FR"},{"@type":"Organization","@id":"http:\/\/communionpourtous.fr\/#organization","name":"Communion pour tous","url":"http:\/\/communionpourtous.fr\/","logo":{"@type":"ImageObject","inLanguage":"fr-FR","@id":"http:\/\/communionpourtous.fr\/#\/schema\/logo\/image\/","url":"https:\/\/communionpourtous.fr\/wp-content\/uploads\/2019\/08\/cropped-ob_6c6e67_cene-e1565977472151.jpg","contentUrl":"https:\/\/communionpourtous.fr\/wp-content\/uploads\/2019\/08\/cropped-ob_6c6e67_cene-e1565977472151.jpg","width":190,"height":190,"caption":"Communion pour tous"},"image":{"@id":"http:\/\/communionpourtous.fr\/#\/schema\/logo\/image\/"}}]}},"_links":{"self":[{"href":"https:\/\/communionpourtous.fr\/index.php\/wp-json\/wp\/v2\/pages\/54"}],"collection":[{"href":"https:\/\/communionpourtous.fr\/index.php\/wp-json\/wp\/v2\/pages"}],"about":[{"href":"https:\/\/communionpourtous.fr\/index.php\/wp-json\/wp\/v2\/types\/page"}],"author":[{"embeddable":true,"href":"https:\/\/communionpourtous.fr\/index.php\/wp-json\/wp\/v2\/users\/1"}],"replies":[{"embeddable":true,"href":"https:\/\/communionpourtous.fr\/index.php\/wp-json\/wp\/v2\/comments?post=54"}],"version-history":[{"count":5,"href":"https:\/\/communionpourtous.fr\/index.php\/wp-json\/wp\/v2\/pages\/54\/revisions"}],"predecessor-version":[{"id":228,"href":"https:\/\/communionpourtous.fr\/index.php\/wp-json\/wp\/v2\/pages\/54\/revisions\/228"}],"wp:attachment":[{"href":"https:\/\/communionpourtous.fr\/index.php\/wp-json\/wp\/v2\/media?parent=54"}],"curies":[{"name":"wp","href":"https:\/\/api.w.org\/{rel}","templated":true}]}}