{"id":28,"date":"2019-08-16T17:29:14","date_gmt":"2019-08-16T15:29:14","guid":{"rendered":"http:\/\/communionpourtous.fr\/?page_id=28"},"modified":"2019-08-16T17:29:14","modified_gmt":"2019-08-16T15:29:14","slug":"incoherence-intrinseque","status":"publish","type":"page","link":"https:\/\/communionpourtous.fr\/index.php\/incoherence-intrinseque\/","title":{"rendered":"Incoh\u00e9rence intrins\u00e8que"},"content":{"rendered":"\n<p class=\"has-drop-cap\">L\u2019Eglise enseigne que la participation \u00e0 l\u2019Eucharistie est fondamentale pour tout Chr\u00e9tien\u00a0:<\/p>\n\n\n\n<p>Elle nous dit ainsi que l\u2019Eucharistie est \u00ab&nbsp;<em>source et sommet de toute vie chr\u00e9tienne<\/em>&nbsp;\u00bb, qu\u2019elle contient \u00ab&nbsp;<em>tout le tr\u00e9sor spirituel de l\u2019Eglise, c&rsquo;est-\u00e0-dire le Christ lui-m\u00eame<\/em>&nbsp;\u00bb et Jean lui-m\u00eame nous dit \u00ab&nbsp;<em>En v\u00e9rit\u00e9, en v\u00e9rit\u00e9, je vous le dis, si vous ne mangez la Chair du Fils de l\u2019homme et ne buvez son Sang, vous n\u2019aurez pas la vie en vous<\/em>&nbsp; (Jn 6, 53)&nbsp;\u00bb&nbsp;<\/p>\n\n\n\n<p>Elle nous enseigne \u00e9galement (Cat\u00e9chisme de l\u2019Eglise Catholique, 1393) en liaison avec Saint Jean que \u00ab\u00a0<em>la communion nous s\u00e9pare du p\u00e9ch\u00e9<\/em>.\u00a0<em>Le Corps du Christ que nous recevons dans la communion est \u00a0\u00bb\u00a0livr\u00e9 pour nous\u00a0\u00ab\u00a0, et le Sang que nous buvons, est \u00a0\u00bb\u00a0vers\u00e9 pour la multitude en r\u00e9mission des p\u00e9ch\u00e9s\u00a0\u00ab\u00a0. C\u2019est pourquoi l\u2019Eucharistie ne peut pas nous unir au Christ sans nous purifier en m\u00eame temps des\u00a0p\u00e9ch\u00e9s commis et nous pr\u00e9server des p\u00e9ch\u00e9s futurs<a href=\"applewebdata:\/\/2CA218C8-3034-402F-A13A-1CB2684AC6F7#_ftn1\"><sup><strong>[<\/strong><\/sup><\/a>)<\/em><\/p>\n\n\n\n<p>Refuser l\u2019acc\u00e8s \u00e0 l\u2019Eucharistie \u00e0 certains des fid\u00e8les, sous raison de leur \u00e9tat de P\u00e9ch\u00e9 grave, reviens donc \u00e0 leur refuser la Vie et l\u2019acc\u00e8s \u00e0 la source et au sommet de la vie Chr\u00e9tienne, ce qui peut sembler constituer une ambig\u00fcit\u00e9, voire une incoh\u00e9rence&nbsp;&nbsp;fondatrice de cette position.<\/p>\n\n\n\n<p>Les partisans de l\u2019interdiction de la communion s\u2019appuient souvent sur 1 Co, 11, 27-29, o\u00f9 Saint Paul \u00e9crit fermement \u00ab&nbsp;<em>Ainsi donc, quiconque mange le pain ou boit la coupe du Seigneur indignement aura \u00e0 r\u00e9pondre du corps et du sang du Seigneur. Que chacun donc s&rsquo;\u00e9prouve soi-m\u00eame, et qu&rsquo;ainsi il mange de ce pain et boive de cette coupe; car celui qui mange et boit, mange et boit sa propre condamnation, s&rsquo;il ne discerne le Corps.<\/em>&nbsp;\u00bb.<\/p>\n\n\n\n<p>Il y aurait probablement beaucoup \u00e0 \u00e9crire sur la dignit\u00e9 \u00e0 laquelle pense Paul (ne faut-il pas plut\u00f4t y voir la n\u00e9cessit\u00e9 de la reconnaissance de la transubstantation que l\u2019\u00e9tat d\u2019absence de p\u00e9ch\u00e9 pour permettre la Communion)&nbsp;? Si l\u2019on regarde par exemple les lignes qui pr\u00e9c\u00e8dent, Paul semble conclure ici un&nbsp;&nbsp;rejet d\u2019une coutume consistant \u00e0 manger et boire jusqu\u2019\u00e0 l\u2019ivrognerie dans la maison du Seigneur elle-m\u00eame. Plus ironiquement, on pourrait aussi citer ce que dit Paul quelques lignes plus haut (1, Co, 11,&nbsp;&nbsp;\u00ab&nbsp;<em>Si donc une femme ne met pas de voile, alors, qu&rsquo;elle se coupe les cheveux! Mais si c&rsquo;est une honte pour une femme d&rsquo;avoir les cheveux coup\u00e9s ou tondus, qu&rsquo;elle mette un voile \u2026&nbsp;<\/em><em>Est-il convenable que la femme prie Dieu la t\u00eate d\u00e9couverte?<\/em>&nbsp;\u00bb) et proposerais, dans le contexte politique actuel, \u00e0 l\u2019Eglise d\u2019imposer le port du voile pour permettre la communion \u2026<br><\/p>\n\n\n\n<hr class=\"wp-block-separator\"\/>\n\n\n\n<p><a href=\"applewebdata:\/\/2CA218C8-3034-402F-A13A-1CB2684AC6F7#_ftnref1\"><sup>[1]<\/sup><\/a>C\u2019est moi qui souligne<\/p>\n<div class='watch-action'><div class='watch-position align-left'><div class='action-like'><a class='lbg-style3 like-28 jlk' href='javascript:void(0)' data-task='like' data-post_id='28' data-nonce='6526a22d6f' rel='nofollow'><img class='wti-pixel' src='https:\/\/communionpourtous.fr\/wp-content\/plugins\/wti-like-post\/images\/pixel.gif' title='d&#039;accord ' \/><span class='lc-28 lc'>+3<\/span><\/a><\/div><div class='action-unlike'><a class='unlbg-style3 unlike-28 jlk' href='javascript:void(0)' data-task='unlike' data-post_id='28' data-nonce='6526a22d6f' rel='nofollow'><img class='wti-pixel' src='https:\/\/communionpourtous.fr\/wp-content\/plugins\/wti-like-post\/images\/pixel.gif' title=' pas d&#039;accord' \/><span class='unlc-28 unlc'>-1<\/span><\/a><\/div> <\/div> <div class='status-28 status align-left'><\/div><\/div><div class='wti-clear'><\/div>","protected":false},"excerpt":{"rendered":"<p>L\u2019Eglise enseigne que la participation \u00e0 l\u2019Eucharistie est fondamentale pour tout Chr\u00e9tien\u00a0: Elle nous dit ainsi que l\u2019Eucharistie est \u00ab&nbsp;source et sommet de toute vie chr\u00e9tienne&nbsp;\u00bb, qu\u2019elle contient \u00ab&nbsp;tout le tr\u00e9sor spirituel de l\u2019Eglise, c&rsquo;est-\u00e0-dire le Christ lui-m\u00eame&nbsp;\u00bb et Jean lui-m\u00eame nous dit \u00ab&nbsp;En v\u00e9rit\u00e9, en v\u00e9rit\u00e9, je vous le dis, si vous ne mangez [&hellip;]<\/p>\n","protected":false},"author":1,"featured_media":0,"parent":0,"menu_order":0,"comment_status":"closed","ping_status":"closed","template":"","meta":{"om_disable_all_campaigns":false,"_monsterinsights_skip_tracking":false,"_monsterinsights_sitenote_active":false,"_monsterinsights_sitenote_note":"","_monsterinsights_sitenote_category":0,"_uf_show_specific_survey":0,"_uf_disable_surveys":false,"footnotes":""},"class_list":["post-28","page","type-page","status-publish","hentry","entry"],"aioseo_notices":[],"yoast_head":"<!-- This site is optimized with the Yoast SEO plugin v23.6 - https:\/\/yoast.com\/wordpress\/plugins\/seo\/ -->\n<title>Incoh\u00e9rence intrins\u00e8que - Communion pour tous !<\/title>\n<meta name=\"robots\" content=\"index, follow, max-snippet:-1, max-image-preview:large, max-video-preview:-1\" \/>\n<link rel=\"canonical\" href=\"http:\/\/communionpourtous.fr\/index.php\/incoherence-intrinseque\/\" \/>\n<meta property=\"og:locale\" content=\"fr_FR\" \/>\n<meta property=\"og:type\" content=\"article\" \/>\n<meta property=\"og:title\" content=\"Incoh\u00e9rence intrins\u00e8que - Communion pour tous !\" \/>\n<meta property=\"og:description\" content=\"L\u2019Eglise enseigne que la participation \u00e0 l\u2019Eucharistie est fondamentale pour tout Chr\u00e9tien\u00a0: Elle nous dit ainsi que l\u2019Eucharistie est \u00ab&nbsp;source et sommet de toute vie chr\u00e9tienne&nbsp;\u00bb, qu\u2019elle contient \u00ab&nbsp;tout le tr\u00e9sor spirituel de l\u2019Eglise, c&rsquo;est-\u00e0-dire le Christ lui-m\u00eame&nbsp;\u00bb et Jean lui-m\u00eame nous dit \u00ab&nbsp;En v\u00e9rit\u00e9, en v\u00e9rit\u00e9, je vous le dis, si vous ne mangez [&hellip;]\" \/>\n<meta property=\"og:url\" content=\"http:\/\/communionpourtous.fr\/index.php\/incoherence-intrinseque\/\" \/>\n<meta property=\"og:site_name\" content=\"Communion pour tous !\" \/>\n<meta name=\"twitter:card\" content=\"summary_large_image\" \/>\n<meta name=\"twitter:label1\" content=\"Dur\u00e9e de lecture estim\u00e9e\" \/>\n\t<meta name=\"twitter:data1\" content=\"2 minutes\" \/>\n<script type=\"application\/ld+json\" class=\"yoast-schema-graph\">{\"@context\":\"https:\/\/schema.org\",\"@graph\":[{\"@type\":\"WebPage\",\"@id\":\"http:\/\/communionpourtous.fr\/index.php\/incoherence-intrinseque\/\",\"url\":\"http:\/\/communionpourtous.fr\/index.php\/incoherence-intrinseque\/\",\"name\":\"Incoh\u00e9rence intrins\u00e8que - Communion pour tous !\",\"isPartOf\":{\"@id\":\"http:\/\/communionpourtous.fr\/#website\"},\"datePublished\":\"2019-08-16T15:29:14+00:00\",\"dateModified\":\"2019-08-16T15:29:14+00:00\",\"breadcrumb\":{\"@id\":\"http:\/\/communionpourtous.fr\/index.php\/incoherence-intrinseque\/#breadcrumb\"},\"inLanguage\":\"fr-FR\",\"potentialAction\":[{\"@type\":\"ReadAction\",\"target\":[\"http:\/\/communionpourtous.fr\/index.php\/incoherence-intrinseque\/\"]}]},{\"@type\":\"BreadcrumbList\",\"@id\":\"http:\/\/communionpourtous.fr\/index.php\/incoherence-intrinseque\/#breadcrumb\",\"itemListElement\":[{\"@type\":\"ListItem\",\"position\":1,\"name\":\"Accueil\",\"item\":\"http:\/\/communionpourtous.fr\/\"},{\"@type\":\"ListItem\",\"position\":2,\"name\":\"Incoh\u00e9rence intrins\u00e8que\"}]},{\"@type\":\"WebSite\",\"@id\":\"http:\/\/communionpourtous.fr\/#website\",\"url\":\"http:\/\/communionpourtous.fr\/\",\"name\":\"Communion pour tous\",\"description\":\"\",\"publisher\":{\"@id\":\"http:\/\/communionpourtous.fr\/#organization\"},\"potentialAction\":[{\"@type\":\"SearchAction\",\"target\":{\"@type\":\"EntryPoint\",\"urlTemplate\":\"http:\/\/communionpourtous.fr\/?s={search_term_string}\"},\"query-input\":{\"@type\":\"PropertyValueSpecification\",\"valueRequired\":true,\"valueName\":\"search_term_string\"}}],\"inLanguage\":\"fr-FR\"},{\"@type\":\"Organization\",\"@id\":\"http:\/\/communionpourtous.fr\/#organization\",\"name\":\"Communion pour tous\",\"url\":\"http:\/\/communionpourtous.fr\/\",\"logo\":{\"@type\":\"ImageObject\",\"inLanguage\":\"fr-FR\",\"@id\":\"http:\/\/communionpourtous.fr\/#\/schema\/logo\/image\/\",\"url\":\"https:\/\/communionpourtous.fr\/wp-content\/uploads\/2019\/08\/cropped-ob_6c6e67_cene-e1565977472151.jpg\",\"contentUrl\":\"https:\/\/communionpourtous.fr\/wp-content\/uploads\/2019\/08\/cropped-ob_6c6e67_cene-e1565977472151.jpg\",\"width\":190,\"height\":190,\"caption\":\"Communion pour tous\"},\"image\":{\"@id\":\"http:\/\/communionpourtous.fr\/#\/schema\/logo\/image\/\"}}]}<\/script>\n<!-- \/ Yoast SEO plugin. -->","yoast_head_json":{"title":"Incoh\u00e9rence intrins\u00e8que - Communion pour tous !","robots":{"index":"index","follow":"follow","max-snippet":"max-snippet:-1","max-image-preview":"max-image-preview:large","max-video-preview":"max-video-preview:-1"},"canonical":"http:\/\/communionpourtous.fr\/index.php\/incoherence-intrinseque\/","og_locale":"fr_FR","og_type":"article","og_title":"Incoh\u00e9rence intrins\u00e8que - Communion pour tous !","og_description":"L\u2019Eglise enseigne que la participation \u00e0 l\u2019Eucharistie est fondamentale pour tout Chr\u00e9tien\u00a0: Elle nous dit ainsi que l\u2019Eucharistie est \u00ab&nbsp;source et sommet de toute vie chr\u00e9tienne&nbsp;\u00bb, qu\u2019elle contient \u00ab&nbsp;tout le tr\u00e9sor spirituel de l\u2019Eglise, c&rsquo;est-\u00e0-dire le Christ lui-m\u00eame&nbsp;\u00bb et Jean lui-m\u00eame nous dit \u00ab&nbsp;En v\u00e9rit\u00e9, en v\u00e9rit\u00e9, je vous le dis, si vous ne mangez [&hellip;]","og_url":"http:\/\/communionpourtous.fr\/index.php\/incoherence-intrinseque\/","og_site_name":"Communion pour tous !","twitter_card":"summary_large_image","twitter_misc":{"Dur\u00e9e de lecture estim\u00e9e":"2 minutes"},"schema":{"@context":"https:\/\/schema.org","@graph":[{"@type":"WebPage","@id":"http:\/\/communionpourtous.fr\/index.php\/incoherence-intrinseque\/","url":"http:\/\/communionpourtous.fr\/index.php\/incoherence-intrinseque\/","name":"Incoh\u00e9rence intrins\u00e8que - Communion pour tous !","isPartOf":{"@id":"http:\/\/communionpourtous.fr\/#website"},"datePublished":"2019-08-16T15:29:14+00:00","dateModified":"2019-08-16T15:29:14+00:00","breadcrumb":{"@id":"http:\/\/communionpourtous.fr\/index.php\/incoherence-intrinseque\/#breadcrumb"},"inLanguage":"fr-FR","potentialAction":[{"@type":"ReadAction","target":["http:\/\/communionpourtous.fr\/index.php\/incoherence-intrinseque\/"]}]},{"@type":"BreadcrumbList","@id":"http:\/\/communionpourtous.fr\/index.php\/incoherence-intrinseque\/#breadcrumb","itemListElement":[{"@type":"ListItem","position":1,"name":"Accueil","item":"http:\/\/communionpourtous.fr\/"},{"@type":"ListItem","position":2,"name":"Incoh\u00e9rence intrins\u00e8que"}]},{"@type":"WebSite","@id":"http:\/\/communionpourtous.fr\/#website","url":"http:\/\/communionpourtous.fr\/","name":"Communion pour tous","description":"","publisher":{"@id":"http:\/\/communionpourtous.fr\/#organization"},"potentialAction":[{"@type":"SearchAction","target":{"@type":"EntryPoint","urlTemplate":"http:\/\/communionpourtous.fr\/?s={search_term_string}"},"query-input":{"@type":"PropertyValueSpecification","valueRequired":true,"valueName":"search_term_string"}}],"inLanguage":"fr-FR"},{"@type":"Organization","@id":"http:\/\/communionpourtous.fr\/#organization","name":"Communion pour tous","url":"http:\/\/communionpourtous.fr\/","logo":{"@type":"ImageObject","inLanguage":"fr-FR","@id":"http:\/\/communionpourtous.fr\/#\/schema\/logo\/image\/","url":"https:\/\/communionpourtous.fr\/wp-content\/uploads\/2019\/08\/cropped-ob_6c6e67_cene-e1565977472151.jpg","contentUrl":"https:\/\/communionpourtous.fr\/wp-content\/uploads\/2019\/08\/cropped-ob_6c6e67_cene-e1565977472151.jpg","width":190,"height":190,"caption":"Communion pour tous"},"image":{"@id":"http:\/\/communionpourtous.fr\/#\/schema\/logo\/image\/"}}]}},"_links":{"self":[{"href":"https:\/\/communionpourtous.fr\/index.php\/wp-json\/wp\/v2\/pages\/28"}],"collection":[{"href":"https:\/\/communionpourtous.fr\/index.php\/wp-json\/wp\/v2\/pages"}],"about":[{"href":"https:\/\/communionpourtous.fr\/index.php\/wp-json\/wp\/v2\/types\/page"}],"author":[{"embeddable":true,"href":"https:\/\/communionpourtous.fr\/index.php\/wp-json\/wp\/v2\/users\/1"}],"replies":[{"embeddable":true,"href":"https:\/\/communionpourtous.fr\/index.php\/wp-json\/wp\/v2\/comments?post=28"}],"version-history":[{"count":1,"href":"https:\/\/communionpourtous.fr\/index.php\/wp-json\/wp\/v2\/pages\/28\/revisions"}],"predecessor-version":[{"id":29,"href":"https:\/\/communionpourtous.fr\/index.php\/wp-json\/wp\/v2\/pages\/28\/revisions\/29"}],"wp:attachment":[{"href":"https:\/\/communionpourtous.fr\/index.php\/wp-json\/wp\/v2\/media?parent=28"}],"curies":[{"name":"wp","href":"https:\/\/api.w.org\/{rel}","templated":true}]}}